{"id":21,"date":"2025-11-09T13:28:22","date_gmt":"2025-11-09T13:28:22","guid":{"rendered":"https:\/\/sghugelshofen-dotnacht.ch\/?page_id=21"},"modified":"2026-03-02T18:14:22","modified_gmt":"2026-03-02T17:14:22","slug":"vorstand","status":"publish","type":"page","link":"https:\/\/www.sghugelshofen-dotnacht.ch\/index.php\/vorstand\/","title":{"rendered":"Vorstand"},"content":{"rendered":"\n<h3 class=\"wp-block-heading\">Pr\u00e4sident<\/h3>\n\n\n\n<h5 class=\"wp-block-heading\">Ralph Nater<\/h5>\n\n\n\n<p>076 532 90 88<br>r.nater@gmx.ch<\/p>\n\n\n\n<h3 class=\"wp-block-heading\">Jungsch\u00fctzenleiter<\/h3>\n\n\n\n<h5 class=\"wp-block-heading\">Marius Ulrich<\/h5>\n\n\n\n<p>079 766 44 45<br>mary1997@windowslive.com<\/p>\n\n\n\n<h3 class=\"wp-block-heading\">Kassierin<\/h3>\n\n\n\n<h5 class=\"wp-block-heading\">Britta Schadegg<\/h5>\n\n\n\n<h3 class=\"wp-block-heading\">Aktuarin<\/h3>\n\n\n\n<h5 class=\"wp-block-heading\">Marisa Ess<\/h5>\n\n\n\n<h3 class=\"wp-block-heading\">Sch\u00fctzenmeister<\/h3>\n\n\n\n<h5 class=\"wp-block-heading\">Patrick Hauri<\/h5>\n\n\n\n<h3 class=\"wp-block-heading\">Festwirtin<\/h3>\n\n\n\n<h5 class=\"wp-block-heading\">Christine Traber<\/h5>\n\n\n\n<h3 class=\"wp-block-heading\">Scheibenwart<\/h3>\n\n\n\n<h5 class=\"wp-block-heading\">Mathias Bl\u00e4ttler<\/h5>\n\n\n\n<h3 class=\"wp-block-heading\">Beisitzer<\/h3>\n\n\n\n<h5 class=\"wp-block-heading\">Cedric Reisch<\/h5>\n","protected":false},"excerpt":{"rendered":"<p>Pr\u00e4sident Ralph Nater 076 532 90 88r.nater@gmx.ch Jungsch\u00fctzenleiter Marius Ulrich 079 766 44 45mary1997@windowslive.com Kassierin Britta Schadegg Aktuarin Marisa Ess Sch\u00fctzenmeister Patrick Hauri Festwirtin Christine Traber Scheibenwart Mathias Bl\u00e4ttler Beisitzer Cedric Reisch<\/p>\n","protected":false},"author":1,"featured_media":0,"parent":0,"menu_order":0,"comment_status":"closed","ping_status":"closed","template":"","meta":{"footnotes":""},"class_list":["post-21","page","type-page","status-publish"],"_links":{"self":[{"href":"https:\/\/www.sghugelshofen-dotnacht.ch\/index.php\/wp-json\/wp\/v2\/pages\/21","targetHints":{"allow":["GET"]}}],"collection":[{"href":"https:\/\/www.sghugelshofen-dotnacht.ch\/index.php\/wp-json\/wp\/v2\/pages"}],"about":[{"href":"https:\/\/www.sghugelshofen-dotnacht.ch\/index.php\/wp-json\/wp\/v2\/types\/page"}],"author":[{"embeddable":true,"href":"https:\/\/www.sghugelshofen-dotnacht.ch\/index.php\/wp-json\/wp\/v2\/users\/1"}],"replies":[{"embeddable":true,"href":"https:\/\/www.sghugelshofen-dotnacht.ch\/index.php\/wp-json\/wp\/v2\/comments?post=21"}],"version-history":[{"count":3,"href":"https:\/\/www.sghugelshofen-dotnacht.ch\/index.php\/wp-json\/wp\/v2\/pages\/21\/revisions"}],"predecessor-version":[{"id":229,"href":"https:\/\/www.sghugelshofen-dotnacht.ch\/index.php\/wp-json\/wp\/v2\/pages\/21\/revisions\/229"}],"wp:attachment":[{"href":"https:\/\/www.sghugelshofen-dotnacht.ch\/index.php\/wp-json\/wp\/v2\/media?parent=21"}],"curies":[{"name":"wp","href":"https:\/\/api.w.org\/{rel}","templated":true}]}}